{"id":589,"date":"2012-09-09T13:32:44","date_gmt":"2012-09-09T11:32:44","guid":{"rendered":"http:\/\/kwiatek.edu.pl\/?page_id=589"},"modified":"2012-09-09T13:32:44","modified_gmt":"2012-09-09T11:32:44","slug":"rozwoj-mlodego-czlowieka-celem-nadrzednym-szkoly","status":"publish","type":"page","link":"https:\/\/kwiatek.edu.pl\/?page_id=589","title":{"rendered":"Rozw\u00f3j m\u0142odego cz\u0142owieka celem nadrz\u0119dnym szko\u0142y"},"content":{"rendered":"<p style=\"text-align: justify;\">\u00a0<img decoding=\"async\" class=\"alignnone\" src=\"https:\/\/kwiatek.edu.pl\/nieaktualna\/_stale\/grafika\/Loga_projekt.jpg\" alt=\"\" width=\"577\" height=\"73\" border=\"0\" \/><\/p>\n<h3 style=\"text-align: justify;\">PROJEKT\u00a0 PROGRAMU\u00a0 OPERACYJNEGO\u00a0 KAPITA\u0141 LUDZKI\u00a0 (PO KL)<\/h3>\n<p style=\"text-align: justify;\"><strong> <img fetchpriority=\"high\" decoding=\"async\" class=\"aligncenter\" src=\"https:\/\/kwiatek.edu.pl\/nieaktualna\/_stale\/grafika\/Ulotka.jpg\" alt=\"https:\/\/kwiatek.edu.pl\/nieaktualna\/CMS\/_stale\/grafika\/Ulotka.jpg\" width=\"240\" height=\"342\" \/><\/strong><\/p>\n<p style=\"text-align: center;\"><strong>&#8222;Rozw\u00f3j m\u0142odego cz\u0142owieka<br \/>\ncelem nadrz\u0119dnym szko\u0142y&#8221;<\/strong><\/p>\n<p style=\"text-align: center;\">realizowany w ramach Priorytetu nr IX, Dzia\u0142ania nr 9.2.<\/p>\n<p style=\"text-align: justify;\">Priorytet IX <strong> Rozw\u00f3j wykszta\u0142cenia i kompetencji w\u00a0regionach <\/strong><\/p>\n<p style=\"text-align: justify;\">Dzia\u0142anie 9.2 <strong>Podniesienie atrakcyjno\u015bci i jako\u015bci szkolnictwa zawodowego <\/strong><\/p>\n<p style=\"text-align: justify;\"><strong> Celem og\u00f3lnym<\/strong> projektu jest podniesienie atrakcyjno\u015bci i jako\u015bci oferty edukacyjnej Zespo\u0142u Szk\u00f3\u0142 nr 2 w D\u0119bicy.<\/p>\n<p style=\"text-align: justify;\"><strong> Celami szczeg\u00f3\u0142owymi<\/strong> projektu s\u0105:<\/p>\n<p style=\"text-align: justify;\">1. Przygotowanie na potrzeby rynku pracy absolwent\u00f3w o po\u017c\u0105danych umiej\u0119tno\u015bciach zawodowych.<\/p>\n<p style=\"text-align: justify;\">2. Zwi\u0119kszenie liczby absolwent\u00f3w kontynuuj\u0105cych kszta\u0142cenie zawodowe na poziomie politechnicznym.<\/p>\n<p style=\"text-align: justify;\">3. Niwelowanie dysproporcji\u00a0 edukacyjnych w trakcie procesu kszta\u0142cenia.<\/p>\n<p style=\"text-align: justify;\">4. Wyposa\u017cenie beneficjent\u00f3w w wiedz\u0119 i umiej\u0119tno\u015bci u\u0142atwiaj\u0105ce poruszanie si\u0119 po rynku pracy.<\/p>\n<p style=\"text-align: justify;\"><strong>REKRUTACJA:<\/strong><\/p>\n<p style=\"text-align: justify;\">W projekcie wezm\u0105 udzia\u0142 uczniowie <strong>TECHNIKUM \u00a0Zespo\u0142u Szk\u00f3\u0142 nr 2 im. Eugeniusza Kwiatkowskiego.<\/strong><\/p>\n<p style=\"text-align: justify;\"><strong>DZIA\u0141ANIA:<\/strong><\/p>\n<p style=\"text-align: justify;\">W ramach projektu zrealizowane zostan\u0105 nast\u0119puj\u0105ce dzia\u0142ania:<\/p>\n<p style=\"text-align: justify;\"><strong> 1. Doradztwo zawodowe, indywidualne i grupowe.<\/strong><\/p>\n<p style=\"text-align: justify;\"><strong> (Dla wszystkich uczestnik\u00f3w projektu)<\/strong><\/p>\n<p style=\"text-align: justify;\">W ramach zadania przewidziano realizacj\u0119 indywidualnego doradztwa zawodowego dla beneficjent\u00f3w projektu, oraz doradztwa grupowego. Tematyka doradztwa grupowego dotyczy\u0107 b\u0119dzie m.in. aspekt\u00f3w rynku pracy.<\/p>\n<p style=\"text-align: justify;\"><strong> 2. Realizacja modu\u0142u I. J\u0119zyk angielski zawodowy dla III klasy technikum. <\/strong><\/p>\n<p style=\"text-align: justify;\"><strong> (GRUPA 12 osobowa)<\/strong><\/p>\n<p style=\"text-align: justify;\">Celem zaj\u0119\u0107 dodatkowych jest rozwijanie i integracja sprawno\u015bci j\u0119zykowych uczni\u00f3w III klasy technikum oraz przygotowanie do wykorzystania j\u0119zyka w zawodzie technik elektronik. Kurs stanowi uzupe\u0142nienie zaj\u0119\u0107 podstawowych przygotowuj\u0105cych uczni\u00f3w do matury.<\/p>\n<p style=\"text-align: justify;\"><strong> 3. Realizacja modu\u0142u II. J\u0119zyk niemiecki dla I klasy. <\/strong><\/p>\n<p style=\"text-align: justify;\"><strong> (GRUPA 12 osobowa)<\/strong><\/p>\n<p style=\"text-align: justify;\">Kurs obejmuj\u0119 realizacj\u0119 zaj\u0119\u0107 wyr\u00f3wnawczych dla uczni\u00f3w I klas technikum.<\/p>\n<p style=\"text-align: justify;\"><strong> 4. Realizacja modu\u0142u III. Matematyka dla III i IV klasy<\/strong><\/p>\n<p style=\"text-align: justify;\"><strong> (DWIE\u00a0 GRUPY 15 osobowe)<\/strong><\/p>\n<p style=\"text-align: justify;\">Zaj\u0119cia dodatkowe dla uczni\u00f3w kl. III i IV technikum o specjalno\u015bci technik-elektronik wybieraj\u0105cych si\u0119 na studia techniczne. Uko\u0144czenie kursu pozwoli uczniom na pe\u0142nowarto\u015bciowe uczestnictwo w studiowaniu analizy matematycznej na kierunkach technicznych.<\/p>\n<p style=\"text-align: justify;\"><strong> 5. Realizacja modu\u0142u IV. Przedmioty zawodowe dla II klasy<\/strong><\/p>\n<p style=\"text-align: justify;\"><strong> (GRUPA 12 osobowa)<\/strong><\/p>\n<p style=\"text-align: justify;\">W ramach modu\u0142u zostan\u0105 zrealizowane zaj\u0119cia wyr\u00f3wnawcze w grupie uczni\u00f3w z klas II technikum elektronicznego. B\u0119d\u0105 to zaj\u0119cia zar\u00f3wno teoretyczne jak r\u00f3wnie\u017c zaj\u0119cia w laboratoriach elektronicznych.<\/p>\n<p style=\"text-align: justify;\"><strong> 6. Realizacja modu\u0142u V. Informatyka<\/strong><\/p>\n<p style=\"text-align: justify;\"><strong> (DWIE\u00a0 GRUPY 14 osobowe)<\/strong><\/p>\n<p style=\"text-align: justify;\">Dzia\u0142aniem zostan\u0105 obj\u0119ci uczniowie, kt\u00f3rzy chc\u0105 podnosi\u0107 poziom swojej wiedzy merytorycznej oraz praktycznej. Po uko\u0144czeniu szkolenia uczniowie b\u0119d\u0105 w pe\u0142ni przygotowani do samodzielnego zarz\u0105dzania sieciami komputerowymi w oparciu o sprz\u0119t firmy ALCATEL.<\/p>\n<p style=\"text-align: justify;\"><strong> 7. Realizacja modu\u0142u VI. Matematyka \u2013 PRz<\/strong><\/p>\n<p style=\"text-align: justify;\"><strong> (GRUPA 30 osobowa)<\/strong><\/p>\n<p style=\"text-align: justify;\">Modu\u0142 realizowany przez partnera Politechnik\u0119 Rzeszowsk\u0105 im. Ignacego \u0141ukasiewicza, Wydzia\u0142 Elektrotechniki i Informatyki w formie 2 godzinnych wyk\u0142ad\u00f3w dla uczni\u00f3w szko\u0142y.<\/p>\n<p style=\"text-align: justify;\"><strong> Zasady rekrutacji:<\/strong><\/p>\n<p style=\"text-align: justify;\">\u00d8 wype\u0142nienie i z\u0142o\u017cenie w biurze projektu lub sekretariacie Zespo\u0142u Szk\u00f3\u0142 nr 2 im. Eugeniusza Kwiatkowskiego <strong>&lt;<a href=\"https:\/\/kwiatek.edu.pl\/nieaktualna\/_stale\/pliki\/FormularzZgloszeniowy.doc\">formularza zg\u0142oszeniowego<\/a>&gt;<\/strong> dost\u0119pnego w szkole i \u00a0na stronie <strong> internetowej <a href=\"https:\/\/kwiatek.edu.pl\"> https:\/\/kwiatek.edu.pl<\/a><\/strong><\/p>\n<p style=\"text-align: justify;\">\u00d8 pierwsze\u0144stwo w naborze maj\u0105 uczniowie pochodz\u0105cy g\u0142\u00f3wnie z obszar\u00f3w wiejskich oraz doje\u017cd\u017caj\u0105cy<\/p>\n<p style=\"text-align: justify;\">\u00d8 je\u017celi liczba ch\u0119tnych do skorzystania ze wsparcia przekroczy liczb\u0119 zaplanowan\u0105 w projekcie, w pierwszej kolejno\u015bci do udzia\u0142u w projekcie przyjmowane b\u0119d\u0105 osoby spe\u0142niaj\u0105ce kryteria dodatkowe, a nast\u0119pnie uczniowie wed\u0142ug kolejno\u015bci zg\u0142osze\u0144<\/p>\n<p style=\"text-align: justify;\">\u00d8 przeprowadzone zostan\u0105 dodatkowe rozmowy z deklaruj\u0105cymi ch\u0119\u0107 skorzystania ze wsparcia i stworzone listy beneficjent\u00f3w rezerwowych<\/p>\n<p style=\"text-align: justify;\"><strong> Szczeg\u00f3\u0142owe informacje<\/strong> o projekcie znajduj\u0105 si\u0119 na stronie internetowej Zespo\u0142u Szk\u00f3\u0142 nr 2 im. Eugeniusza Kwiatkowskiego <a href=\"https:\/\/kwiatek.edu.pl\"> <strong>https:\/\/kwiatek.edu.pl<\/strong><\/a> lub pod numerem tel. <strong> (0-14) 670-42-15<\/strong><\/p>\n<p style=\"text-align: justify;\"><strong> Zesp\u00f3\u0142 zarz\u0105dzaj\u0105cy:<\/strong><\/p>\n<p style=\"text-align: justify;\">Dyrektor Zespo\u0142u Szk\u00f3\u0142 nr 2: Joanna Dymitrowska tel.\/fax (014)\u00a0670-42-15<\/p>\n<p style=\"text-align: justify;\">Koordynator projektu: Grzegorz Horosz \u00a0tel. kom. (0) 602-278-176<\/p>\n<p style=\"text-align: justify;\"><strong> Zainteresowanych prosimy o kontakt z prowadz\u0105cymi zaj\u0119cia.<\/strong><\/p>\n<p style=\"text-align: justify;\"><strong> Lektorzy i trenerzy prowadz\u0105cy zaj\u0119cia:<\/strong><\/p>\n<p style=\"text-align: justify;\">Doradztwo zawodowe \u2013 specjali\u015bci z zakresu doradztwa zawodowego<\/p>\n<p style=\"text-align: justify;\">J\u0119zyk angielski: mgr Marzena Dziurzy\u0144ska<\/p>\n<p style=\"text-align: justify;\">J\u0119zyk niemiecki: mgr Izabela Bobulska<\/p>\n<p style=\"text-align: justify;\">Matematyka: mgr Bo\u017cena Morawczy\u0144ska<\/p>\n<p style=\"text-align: justify;\">Przedmioty zawodowe: mgr in\u017c. Adam Tragarz<\/p>\n<p style=\"text-align: justify;\">Informatyka: mgr in\u017c. Marek Braun, mgr Andrzej Zarychta<\/p>\n<p style=\"text-align: justify;\">Matematyka \u2013 PRz \u2013 pracownicy naukowi Politechniki Rzeszowskiej<\/p>\n<p style=\"text-align: justify;\"><strong>Projekt wsp\u00f3\u0142finansowany przez Uni\u0119 Europejsk\u0105 w ramach\u00a0Europejskiego Funduszu Spo\u0142ecznego<\/strong><\/p>\n<hr \/>\n<h3 style=\"text-align: justify;\"><\/h3>\n<p style=\"text-align: justify;\"><strong> Alcatel-<\/strong><strong>Lucent<\/strong><strong> w \u201eKwiatku\u201d<\/strong><\/p>\n<h3 style=\"text-align: justify;\"><\/h3>\n<div>\n<dl id=\"\">\n<dt><img decoding=\"async\" class=\"aligncenter\" src=\"https:\/\/kwiatek.edu.pl\/nieaktualna\/_kronika\/2008_09\/fotki\/Politechnika\/DSCF0087_big.jpg\" alt=\"https:\/\/kwiatek.edu.pl\/nieaktualna\/CMS\/_kronika\/2008_09\/fotki\/Politechnika\/DSCF0087_big.jpg\" width=\"277\" height=\"208\" \/><\/dt>\n<dd><\/dd>\n<\/dl>\n<\/div>\n<div>\n<dl id=\"\">\n<dt><img loading=\"lazy\" decoding=\"async\" class=\"aligncenter\" src=\"https:\/\/kwiatek.edu.pl\/nieaktualna\/_kronika\/2008_09\/fotki\/Politechnika\/DSCF2653_big.jpg\" alt=\"https:\/\/kwiatek.edu.pl\/nieaktualna\/CMS\/_kronika\/2008_09\/fotki\/Politechnika\/DSCF2653_big.jpg\" width=\"277\" height=\"208\" \/><\/dt>\n<dd><\/dd>\n<\/dl>\n<\/div>\n<p style=\"text-align: justify;\">Dwie 14-osobowe grupy uczni\u00f3w z klas technikum informatycznego (IaT i IIaT) bra\u0142y udzia\u0142 19.02.2009 r. w zaj\u0119ciach przygotowanych przez pracownik\u00f3w naukowych Politechniki Rzeszowskiej.<\/p>\n<p style=\"text-align: justify;\">Uczniowie pracowali na nowoczesnym sprz\u0119cie firmy ALCATEL ucz\u0105c si\u0119 tworzy\u0107 i konfigurowa\u0107 sieci komputerowe.<\/p>\n<div style=\"text-align: justify;\"><\/div>\n<div style=\"text-align: justify;\"><\/div>\n<p style=\"text-align: justify;\">Sprz\u0119t zosta\u0142 udost\u0119pniony przez partnera Zespo\u0142u Szk\u00f3\u0142 nr 2 im. Eugeniusza Kwiatkowskiego \u2013 Politechnik\u0119 Rzeszowsk\u0105 im. Ignacego \u0141ukasiewicza, Wydzia\u0142 Elektrotechniki i Informatyki.<\/p>\n<p style=\"text-align: justify;\"><span style=\"text-decoration: underline;\">Koordynator projektu<\/span>:<\/p>\n<p style=\"text-align: justify;\">mgr in\u017c. <strong>Grzegorz Horosz<\/strong><\/p>\n<p style=\"text-align: justify;\"><span style=\"text-decoration: underline;\">Prowadz\u0105cy zaj\u0119ci<\/span>a:<\/p>\n<p style=\"text-align: justify;\">grupa I: mgr in\u017c. <strong>Marek Braun<\/strong><\/p>\n<p style=\"text-align: justify;\">grupa II: mgr <strong>Andrzej Zarychta<\/strong><\/p>\n<p style=\"text-align: center;\"><strong><a href=\"https:\/\/kwiatek.edu.pl\/nieaktualna\/_kronika\/2008_09\/fotki\/Politechnika\/Politechnika\/index.html\" target=\"_blank\">Zobacz galeri\u0119 zdj\u0119\u0107<\/a><\/strong><\/p>\n<hr \/>\n<h3 style=\"text-align: justify;\"><\/h3>\n<h3 style=\"text-align: justify;\">Linki<\/h3>\n<p style=\"text-align: justify;\">Zapraszamy do odwiedzenia nowej strony internetowej w ca\u0142o\u015bci po\u015bwi\u0119conej wdra\u017caniu Programu Operacyjnego Kapita\u0142 Ludzki<\/p>\n<p style=\"text-align: justify;\"><strong>PO KL Rzesz\u00f3w<\/strong>:\u00a0 <strong><a href=\"http:\/\/pokl.wup-rzeszow.pl\/\" target=\"_blank\">http:\/\/pokl.wup-rzeszow.pl\/<\/a><\/strong><\/p>\n<p style=\"text-align: justify;\"><strong>Unia Europejska: <\/strong><strong><a href=\"http:\/\/europa.eu\/\" target=\"_blank\">http:\/\/europa.eu<\/a>\/<\/strong><strong> <\/strong><\/p>\n<p style=\"text-align: justify;\"><strong>Europejski Fundusz Spo\u0142eczny (EFS): <\/strong><strong><a href=\"http:\/\/www.efs.gov.pl\/\" target=\"_blank\">http:\/\/www.efs.gov.pl\/<\/a><\/strong><strong> <\/strong><\/p>\n<p style=\"text-align: justify;\"><strong>Wojew\u00f3dzki Urz\u0105d Pracy w Rzeszowie:\u00a0 <a href=\"http:\/\/www.wup-rzeszow.pl\/\" target=\"_blank\">http:\/\/www.wup-rzeszow.pl<\/a><\/strong><strong> <\/strong><\/p>\n<p style=\"text-align: justify;\"><strong>Starostwo Powiatowe w D\u0119bicy:\u00a0 <a href=\"http:\/\/www.powiatdebicki.pl\/\" target=\"_blank\">http:\/\/www.powiatdebicki.pl\/<\/a><\/strong><strong> <\/strong><\/p>\n<p style=\"text-align: justify;\"><strong>Zesp\u00f3\u0142 Szk\u00f3\u0142 nr 2 im. Eugeniusza Kwiatkowskiego w D\u0119bicy:\u00a0 <a href=\"https:\/\/kwiatek.edu.pl\" target=\"_blank\">https:\/\/kwiatek.edu.pl<\/a><\/strong><\/p>\n","protected":false},"excerpt":{"rendered":"<p>\u00a0 PROJEKT\u00a0 PROGRAMU\u00a0 OPERACYJNEGO\u00a0 KAPITA\u0141 LUDZKI\u00a0 (PO KL) &#8222;Rozw\u00f3j m\u0142odego cz\u0142owieka celem nadrz\u0119dnym szko\u0142y&#8221; realizowany w ramach Priorytetu nr IX, Dzia\u0142ania nr 9.2. Priorytet IX Rozw\u00f3j wykszta\u0142cenia i kompetencji w\u00a0regionach Dzia\u0142anie 9.2 Podniesienie atrakcyjno\u015bci i jako\u015bci szkolnictwa zawodowego Celem og\u00f3lnym projektu jest podniesienie atrakcyjno\u015bci i jako\u015bci oferty edukacyjnej Zespo\u0142u Szk\u00f3\u0142 nr 2 w D\u0119bicy. Celami [&hellip;]<\/p>\n","protected":false},"author":1,"featured_media":0,"parent":0,"menu_order":0,"comment_status":"closed","ping_status":"closed","template":"","meta":{"ngg_post_thumbnail":0,"footnotes":""},"class_list":["post-589","page","type-page","status-publish","hentry"],"_links":{"self":[{"href":"https:\/\/kwiatek.edu.pl\/index.php?rest_route=\/wp\/v2\/pages\/589","targetHints":{"allow":["GET"]}}],"collection":[{"href":"https:\/\/kwiatek.edu.pl\/index.php?rest_route=\/wp\/v2\/pages"}],"about":[{"href":"https:\/\/kwiatek.edu.pl\/index.php?rest_route=\/wp\/v2\/types\/page"}],"author":[{"embeddable":true,"href":"https:\/\/kwiatek.edu.pl\/index.php?rest_route=\/wp\/v2\/users\/1"}],"replies":[{"embeddable":true,"href":"https:\/\/kwiatek.edu.pl\/index.php?rest_route=%2Fwp%2Fv2%2Fcomments&post=589"}],"version-history":[{"count":1,"href":"https:\/\/kwiatek.edu.pl\/index.php?rest_route=\/wp\/v2\/pages\/589\/revisions"}],"predecessor-version":[{"id":590,"href":"https:\/\/kwiatek.edu.pl\/index.php?rest_route=\/wp\/v2\/pages\/589\/revisions\/590"}],"wp:attachment":[{"href":"https:\/\/kwiatek.edu.pl\/index.php?rest_route=%2Fwp%2Fv2%2Fmedia&parent=589"}],"curies":[{"name":"wp","href":"https:\/\/api.w.org\/{rel}","templated":true}]}}